z) = z**2 + 56*z + 876. Calculate x(-21).
141
Let q(s) = -157*s + 1543. What is q(10)?
-27
Let r(n) = 4*n**2 - 97*n + 590. Give r(13).
5
Let w(z) = 152*z**2 - 60*z + 59. Determine w(1).
151
Let n(y) = -y**2 + 28*y - 37. What is n(7)?
110
Let q(k) = -96*k**2 - 26*k + 27. Give q(1).
-95
Let f(d) = -8*d**3 + 67*d**2 - 81*d - 19. Determine f(7).
-47
Let i(y) = 76*y**2 - 772*y + 84. Give i(10).
-36
Let q(p) = -37*p - 125. Determine q(-7).
134
Let z(m) = -2*m**2 + 33*m - 482. Give z(21).
-671
Let f(z) = -2*z + 91. Calculate f(6).
79
Let z(j) = 40*j + 156. Give z(17).
836
Let k(m) = m**3 - 25*m**2 + 93*m + 35. Give k(21).
224
Let k(u) = -u**3 + 9*u**2 - 5*u + 20. Calculate k(6).
98
Let b(c) = 61*c - 26. Give b(-1).
-87
Let s(j) = -j**3 - 9*j**2 - 23*j - 18. Give s(-7).
45
Let p(n) = 41*n + 462. Give p(-24).
-522
Let w(v) = v**3 - 14*v**2 + 3*v + 2. What is w(13)?
-128
Let l(j) = j**2 + 3*j - 140. Calculate l(-15).
40
Let s(a) = 1615*a - 11324. Give s(7).
-19
Let k(r) = -3*r**3 + 24*r**2 + 165*r - 1265. Give k(9).
-23
Let u(f) = 69*f + 413. What is u(-6)?
-1
Let u(h) = 25*h - 723. Calculate u(29).
2
Let o(q) = 5*q + 44. Determine o(-22).
-66
Let z(p) = 457*p**2 + 9127*p - 255. Give z(-20).
5
Let g(b) = -103*b - 186. Give g(-6).
432
Let y(a) = 58*a - 83. Calculate y(1).
-25
Let f(x) = 2*x**2 + 212*x + 3716. Give f(-84).
20
Let y(u) = 41*u**2 - 152*u - 45. Calculate y(4).
3
Let g(d) = -56*d - 406. Calculate g(-6).
-70
Let k(x) = -74*x**2 + 664*x - 1. What is k(9)?
-19
Let s(j) = 40*j**2 + 482*j + 30. Give s(-12).
6
Let q(a) = -a**3 - 302*a**2 - 22*a - 6645. Determine q(-302).
-1
Let b(s) = s**2 - 41*s + 49. Determine b(37).
-99
Let l(t) = -2*t**2 - 84*t + 363. Give l(-44).
187
Let g(a) = -a**2 - 26*a - 83. Determine g(-19).
50
Let l(x) = 167*x - 307. What is l(2)?
27
Let l(g) = -10*g**2 - 132*g - 15. Determine l(-13).
11
Let l(p) = -p**3 + 3*p**2 + 37*p - 143. Determine l(5).
-8
Let n(v) = 69*v + 149. What is n(-1)?
80
Let s(f) = -f**3 + 7*f**2 - 10*f - 4. Determine s(3).
2
Let o(m) = 4*m**2 + 524*m + 3. Give o(-131).
3
Let f(m) = 7452*m + 67067. What is f(-9)?
-1
Let b(w) = w**2 + 25*w - 200. Determine b(7).
24
Let t(i) = 523*i + 6804. What is t(-13)?
5
Let o(z) = 34*z - 2824. Give o(83).
-2
Let s(t) = -45*t + 463. Determine s(11).
-32
Let u(w) = -28*w - 3694. Determine u(-132).
2
Let f(h) = 133*h - 81. What is f(4)?
451
Let x(k) = -926*k + 44447. Give x(48).
-1
Let u(q) = -4*q**3 + 24*q**2 + 13*q + 441. What is u(8)?
33
Let n(f) = 7*f**2 + 291*f + 580. Give n(-2).
26
Let n(k) = 9*k**2 + 34*k + 10. Give n(0).
10
Let a(f) = 4*f**2 - 262*f - 416. Give a(67).
-14
Let r(t) = 136*t + 3868. What is r(-29)?
-76
Let p(c) = c**2 - 27*c - 162. What is p(-7)?
76
Let z(f) = -11*f - 346. Calculate z(-33).
17
Let x(h) = 11*h**3 + 87*h**2 + 61*h - 68. What is x(-7)?
-5
Let n(t) = -t**2 - 21*t + 34. Determine n(-20).
54
Let a(f) = -24*f + 291. Calculate a(22).
-237
Let w(v) = -24*v + 38. What is w(2)?
-10
Let d(a) = -112*a + 1353. What is d(11)?
121
Let c(j) = -3*j**2 + 287*j - 470. Give c(94).
0
Let t(w) = -11*w**2 + 162*w - 585. Give t(8).
7
Let i(r) = -r**3 - 65*r**2 + 135*r + 63. Calculate i(-67).
-4
Let g(i) = -45*i + 747. What is g(25)?
-378
Let d(p) = -p**3 - 11*p**2 + 25*p + 25. What is d(-13)?
38
Let g(c) = -10*c**2 + 185*c - 366. Determine g(2).
-36
Let f(h) = h**3 + 13*h**2 - 12*h - 37. Determine f(-14).
-65
Let g(u) = 2*u**3 + 76*u**2 + 146*u + 28. What is g(-36)?
-44
Let r(p) = 23*p**2 + 305*p - 238. Determine r(-14).
0
Let t(f) = 4*f**2 - 40*f + 51. Determine t(9).
15
Let x(w) = -28*w**2 - 9*w - 6. Give x(-1).
-25
Let y(r) = -2*r**2 + 145*r + 88. Give y(73).
15
Let g(p) = -3*p**2 + 95*p - 67. What is g(31)?
-5
Let b(i) = -i**3 - 24*i**2 + 63*i + 4. Calculate b(3).
-50
Let d(o) = 3*o - 11. Give d(-6).
-29
Let b(w) = -35*w + 1227. What is b(33)?
72
Let q(w) = 477*w - 314. Give q(1).
163
Let u(d) = 109*d + 10492. What is u(-96)?
28
Let i(r) = -172*r**2 - 893*r - 1. Calculate i(-5).
164
Let k(g) = g**3 - 55*g**2 - 60*g + 174. Determine k(56).
-50
Let u(p) = -p**3 - 35*p**2 + 115*p + 53. What is u(-38)?
15
Let o(t) = -t**2 - 123*t - 129. Determine o(-122).
-7
Let t(s) = 4*s**2 - 59*s + 236. What is t(5)?
41
Let s(r) = -4*r + 128. What is s(29)?
12
Let l(d) = 53*d - 266. Give l(5).
-1
Let w(j) = -5*j**2 + 61*j + 200. Give w(-3).
-28
Let d(n) = -20*n**3 + 2*n**2 - 45*n + 45. What is d(1)?
-18
Let l(z) = 20*z**2 + 4*z + 3. Give l(-1).
19
Let o(b) = b**3 + 19*b**2 + 11*b + 124. What is o(-19)?
-85
Let p(l) = l**3 - 6*l**2 - 430*l + 23. Determine p(24).
71
Let s(h) = -h**2 + 141*h - 4869. Give s(80).
11
Let j(m) = -25095*m + 276047. What is j(11)?
2
Let k(u) = -u**3 + 234*u**2 + 363*u - 84940. Give k(234).
2
Let c(u) = 99*u**3 - 4*u**2 + 5*u - 3. What is c(1)?
97
Let s(j) = -j**3 - 3*j**2 + 66*j + 45. Calculate s(7).
17
Let y(g) = 48*g + 603. What is y(-6)?
315
Let y(c) = -132*c - 26. What is y(2)?
-290
Let g(k) = -158*k + 1601. Give g(14).
-611
Let s(q) = -q**2 + 53*q - 572. Give s(30).
118
Let v(b) = -2*b**3 - 6*b**2 + 5*b - 30. Calculate v(-8).
570
Let h(l) = -l**3 + 16*l**2 + 64*l - 131. Calculate h(19).
2
Let w(i) = 18*i**2 - 5*i - 87. What is w(0)?
-87
Let o(r) = 2*r**3 - 161*r**2 + 84*r - 321. Calculate o(80).
-1
Let r(d) = 8*d**2 + 550*d + 353. Determine r(-68).
-55
Let h(z) = -39*z + 461. What is h(12)?
-7
Let w(y) = y**3 + 17*y**2 - 983*y + 14. What is w(24)?
38
Let x(l) = 47*l - 6099. What is x(124)?
-271
Let v(y) = -2005*y + 16028. What is v(8)?
-12
Let y(k) = 58*k + 35. Determine y(2).
151
Let f(i) = i**2 - 3*i - 103. Calculate f(13).
27
Let t(w) = 11*w + 99. Calculate t(-6).
33
Let j(q) = q**3 - 5*q**2 + 5*q - 12. Calculate j(5).
13
Let l(k) = 1210*k - 16891. Calculate l(14).
49
Let i(s) = -s**2 + 48*s - 281. Determine i(41).
6
Let w(p) = p**3 - 8*p**2 + 12*p + 4. Give w(4).
-12
Let d(p) = 2*p**3 + 40*p**2 + 50*p + 87. Give d(-19).
-141
Let a(s) = 9*s**3 - 98*s**2 - 11*s + 4. Calculate a(11).
4
Let b(c) = -3*c**3 + c**2 + 30*c + 112. What is b(-4)?
200
Let b(h) = 2*h**3 + 56*h**2 + 251*h - 304. Calculate b(-22).
-18
Let v(x) = 50*x - 5562. Determine v(108).
-162
Let p(y) = -y**3 - 9*y**2 - y - 51. Give p(0).
-51
Let g(p) = 68729*p + 1. Calculate g(0).
1
Let p(h) = 4*h**3 - 26*h**2 - 13*h + 3. Determine p(6).
-147
Let p(t) = 2*t**3 + 3*t**2 - 17*t - 4. Determine p(0).
-4
Let i(f) = 3565*f + 17819. Determine i(-5).
-6
Let j(m) = 75*m - 13968. What is j(186)?
-18
Let o(k) = -k**3 + k**2 + 11. What is o(4)?
-37
Let y(o) = 104*o + 1848. Determine y(-19).
-128
Let p(t) = t**3 + 3*t**2 + 4*t + 71. Determine p(-5).
1
Let l(z) = -30*z**3 + 2*z + 1. Determine l(-1).
29
Let i(b) = -489*b + 5415. What is i(12)?
-453
Let b(p) = -55*p + 2420. Calculate b(44).
0
Let o(l) = -384*l - 1958. Determine o(-5).
-38
Let x(i) = -43*i + 299. Give x(16).
-389
Let o(i) = 203*i + 2872. Calculate o(-14).
30
Let c(t) = 110*t - 642. Calculate c(6).
18
Let c(v) = -v**3 + 18*v**2 + 108*v + 77. What is c(-4)?
-3
Let o(y) = -913*y - 4561. Calculate o(-5).
4
Let v(w) = 2*w**3 - 28*w**2 - 3*w + 73. What is v(14)?
31
Let v(m) = -m**2 + m - 87. Calculate v(-14).
-297
Let f(j) = j**3 + 19*j**2 - 66*j - 603. Give f(-21).
-99
Let u(k) = k**3 + 11*k**2 + 12*k - 62. Calculate u(-5).
28
Let q(b) = -15243*b - 15251. What is q(-1)?
-8
Let t(i) = 6*i**3 - 5*i**2 - 9*i + 18. What is t(2)?
28
Let i(a) = -38*a - 59. Determine i(0).
-59
Let q(f) = -f**3 - 55*f**2 - 110*f - 3018. What is q(-54)?
6
Let h(q) = q**3 - 17*q**2 - 34*q - 28. What is h(19)?
48
Let i(a) = -26*a**2 - 5*a + 13. Give i(2).
-101
Let a(p) = -122*p + 9226. Determine a(74).
198
Let p(d) = -168*d + 1259. Determine p(10).
-421
Let c(s) = 4*s + 219. What is c(-35)?
79
Let r(d) = -2*d**3 + 33*d**2 + 25*d - 42. Give r(17).
94
Let i(t) = 47*t**2 + 8*t + 6. Give i(-2).
178
Let x(o) = -81*o**2 - 7*o - 7. Calculate x(-1).
-81
Let a(n) = -2*n**2 - 76*n - 688. What is a(-18)?
32
Let w(q) = 77*q + 485. Calculate w(0).
485
Let q(i) = 213*i**3 + 1488*i**2 - 21*i - 9. Determine q(-7).
-9
Let f(s) = s**3 + 2*s**2 - 10*s - 7. What is f(0)?
-7
Let s(o) = -2*o**2 - 5. What is s(13)?
-343
Let z(w) = -2*w**3 + 45*w**2 - 160*w - 16. Calculate z(18).
20
Let j(w) = w**2 - 2*w - 53. Determine j(10).
27
Let z(f) = -16*f**2 + 1061*f - 1059. Give z(1).
-14